{"id":32,"date":"2016-07-12T14:29:08","date_gmt":"2016-07-12T14:29:08","guid":{"rendered":"http:\/\/greengraphix.de\/?page_id=32"},"modified":"2021-01-25T14:58:58","modified_gmt":"2021-01-25T14:58:58","slug":"referenzen","status":"publish","type":"page","link":"https:\/\/greengraphix.de\/?page_id=32","title":{"rendered":"Referenzen"},"content":{"rendered":"<h3><strong>&#8222;GreenGraphix &#8211; die sind wirklich anders &#8211; und wir sind zufrieden!&#8220;<\/strong><\/h3>\n<p>Das sagen diese Kunden \u00fcber uns:<\/p>\n<h3><a href=\"http:\/\/www.dewey-records.com\" target=\"_blank\" rel=\"noopener\"><strong>Dewey Records <\/strong><\/a><\/h3>\n<p>Auf diesem Label vereinen sich die unterschiedlichsten Str\u00f6mungen Europ\u00e4ischer Musik.<\/p>\n<p>F\u00fcr Dewey Records arbeiten wir in den Bereichen Grafikdesign und Druck.<\/p>\n<h3><a href=\"http:\/\/www.trachtenstueberl.eu\" target=\"_blank\" rel=\"noopener\"><strong>Trachtenst\u00fcberl<\/strong><\/a><\/h3>\n<p>Das Trachtenst\u00fcberl ist das f\u00fchrende Gesch\u00e4ft im Bereich der Trachtenmode in der Eifel.<\/p>\n<p>F\u00fcr das Trachtenst\u00fcberl arbeiten wir in den Bereichen Grafikdesign, Druck, und Photographie.<\/p>\n<h3><a href=\"http:\/\/cafe-t.de\" target=\"_blank\" rel=\"noopener\"><strong>Caf\u00e9 T<\/strong><\/a><\/h3>\n<div class=\"n module-type-text diyfeLiveArea \">\n<p>Ob zum Fr\u00fchst\u00fcck, zum Kaffee oder in lustiger Runde am Abend: Ein Besuch im Caf\u00e9 T ist immer ein Erlebnis.<\/p>\n<p>F\u00fcr das Caf\u00e9 T arbeiten wir in den Bereichen Grafikdesign, Druck, und Photographie.<\/p>\n<\/div>\n<h3><a href=\"http:\/\/www.galerie-baecker.de\/\" target=\"_blank\" rel=\"noopener\"><strong>Galerie Baecker<\/strong><\/a><\/h3>\n<div class=\"n module-type-text diyfeLiveArea \">\n<p>1970 wurde die Galerie Inge Baecker in Bochum gegr\u00fcndet Die Galerie kann auf insgesamt 450 Ausstellungen zur\u00fcckblicken, davon sind 28 Erstausstellungen internationaler K\u00fcnstler in Deutschland.<\/p>\n<p>F\u00fcr die Galerie Baecker arbeiten wir in den Bereichen Grafikdesign, Druck, und Photographie.<\/p>\n<\/div>\n<p><strong>Und GreenGraphix sagt &#8222;Danke&#8220;!<\/strong><\/p>\n","protected":false},"excerpt":{"rendered":"<p>&#8222;GreenGraphix &#8211; die sind wirklich anders &#8211; und wir sind zufrieden!&#8220; Das sagen diese Kunden \u00fcber uns: Dewey Records Auf diesem Label vereinen sich die unterschiedlichsten Str\u00f6mungen Europ\u00e4ischer Musik. F\u00fcr Dewey Records arbeiten wir in den Bereichen Grafikdesign und Druck. Trachtenst\u00fcberl Das Trachtenst\u00fcberl ist das &hellip; <a href=\"https:\/\/greengraphix.de\/?page_id=32\" class=\"more-link\"><span>Continue reading<span class=\"screen-reader-text\">Referenzen<\/span><\/span><\/a><\/p>\n","protected":false},"author":1,"featured_media":0,"parent":0,"menu_order":8,"comment_status":"closed","ping_status":"closed","template":"","meta":[],"_links":{"self":[{"href":"https:\/\/greengraphix.de\/index.php?rest_route=\/wp\/v2\/pages\/32"}],"collection":[{"href":"https:\/\/greengraphix.de\/index.php?rest_route=\/wp\/v2\/pages"}],"about":[{"href":"https:\/\/greengraphix.de\/index.php?rest_route=\/wp\/v2\/types\/page"}],"author":[{"embeddable":true,"href":"https:\/\/greengraphix.de\/index.php?rest_route=\/wp\/v2\/users\/1"}],"replies":[{"embeddable":true,"href":"https:\/\/greengraphix.de\/index.php?rest_route=%2Fwp%2Fv2%2Fcomments&post=32"}],"version-history":[{"count":21,"href":"https:\/\/greengraphix.de\/index.php?rest_route=\/wp\/v2\/pages\/32\/revisions"}],"predecessor-version":[{"id":336,"href":"https:\/\/greengraphix.de\/index.php?rest_route=\/wp\/v2\/pages\/32\/revisions\/336"}],"wp:attachment":[{"href":"https:\/\/greengraphix.de\/index.php?rest_route=%2Fwp%2Fv2%2Fmedia&parent=32"}],"curies":[{"name":"wp","href":"https:\/\/api.w.org\/{rel}","templated":true}]}}